l) = l**2 + 4. Suppose -5*w + 4 = -7*w - 4*k, 0 = 3*w - 4*k - 34. Let o = w + 6. Suppose 3 = 5*q - o. What is d(q)?
13
Let r(a) = -2*a**3 + 6*a**2 - 7*a + 2. Let j(c) = -c**3 + 22*c**2 - 23*c + 44. Let b be j(21). What is r(b)?
-4
Let m(s) = -s**2 + 30. Let p be (-1*5)/((-2)/72*-30). Calculate m(p).
-6
Let k(c) = 31*c**3 + 172*c**2 + 590*c + 1574. Let m(p) = 4*p**3 + 21*p**2 + 74*p + 197. Let r(j) = 3*k(j) - 23*m(j). Give r(-31).
5
Let g = -50 - -57. Suppose 0 = 3*h + g*h - 20. Let f(q) = -12*q**2 - 10*q**h + 29*q**2. Give f(-1).
7
Let f(x) = -x**3 + 19*x**2 - 17*x - 23. Let w be f(18). Let y(a) = -86*a + 2 + 177*a + 3 - 90*a - 1. Determine y(w).
-1
Let u(n) be the first derivative of -2*n**3/3 - 5*n**2/2 + 45*n + 6927. Calculate u(-6).
3
Let n(h) = -4510 + 3*h + 16*h + 4514. Determine n(-5).
-91
Let b(p) = -5 - 1 + 9*p**2 - 8 + 9 - 2 + p**3 - 11*p. Let o be (-2 + -22)/(21/(-28)). Let s = -42 + o. Determine b(s).
3
Suppose 27*r = 43*r - 48. Suppose -6 = r*x, -4*k + k - 29 = 4*x. Let z(f) = -4*f - 9. Give z(k).
19
Let z(d) = 9 + 13 - 36 + d + 10. Suppose 5*i = -4*k + 20, 4*i - 4 = 2*k + 12. Suppose -o = i*o. Calculate z(o).
-4
Let s(d) = 4*d + 8. Let u = -7418 + 7414. Determine s(u).
-8
Suppose -n - 17 = -4*a, 5*n = 4*a - 21 - 0. Suppose a*d + 48 = 11*q - 7*q, -4*d - 27 = -q. Let g(z) = z**2 - 4*z - 8. What is g(q)?
13
Suppose -86*a + 87 = 15*a + 188. Let f(b) be the second derivative of b**3/6 + b**2 + 2*b. Determine f(a).
1
Suppose -g + 3 + 12 = -2*f, 2*g - 25 = 3*f. Let v(u) = -3*u**2 + 5*u + 6. Let d(o) = -2*o**2 + 4*o + 5. Let x(j) = g*d(j) - 4*v(j). Calculate x(-1).
3
Let u(v) be the second derivative of -v**5/40 + v**4/24 - 173*v**3/6 + 16*v - 3. Let c(k) be the second derivative of u(k). What is c(-1)?
4
Let j(w) = -2*w**2 + 2*w. Let g(l) = -88*l + 7. Let h be g(-2). Let m be h/(-30) + 6 - (-123)/30. Determine j(m).
-24
Let o(n) = 9*n - 43. Let s be 9/2*(12 - 70/3). Let a(h) = -h + 5. Let x(c) = s*a(c) - 6*o(c). Determine x(-8).
27
Let x(k) = 2*k + 6. Let w be 5*((-46)/(-20) + -2)*2. Let m be 235/35 - w - (-2)/7. Suppose m*t + 3*h + 17 = -0, -3*t + 2*h = 17. Give x(t).
-4
Let m(u) = u**3 - 3*u**2 + 3*u + 3. Let i = 362 - 321. Let n(d) = -d**2 - 2*d + 10. Let s be n(-8). Let o = s + i. Calculate m(o).
12
Let c(r) = 25*r + 30*r + 2 - 84*r + 31*r. Let h(k) = 9*k + 6. Let j(d) = -4*c(d) + h(d). Give j(10).
8
Let p(x) be the second derivative of x**6/120 - x**5/5 - 13*x**4/24 + 2*x**3/3 - 13*x**2/2 - 2*x - 7. Let u(s) be the first derivative of p(s). Calculate u(13).
4
Let h = 17 + -9. Let l = 258 - 252. Let r(g) = -h*g**2 - 7*g + l*g**2 + 11*g - 2. Determine r(2).
-2
Let y(f) = 3*f**2 - 5*f - 8. Let w = -591 + 588. Calculate y(w).
34
Let h(a) = a**2 - 29*a + 14. Let d(j) = -j**2 + 50*j - 27. Let k(r) = 3*d(r) + 5*h(r). Determine k(-6).
31
Let t(k) be the third derivative of -k**5/60 + k**4/6 + k**3/2 + 2*k**2 - 743*k. Calculate t(5).
-2
Let u(m) = m + 7. Let r be ((-8)/(-2))/(2 + -1). Suppose 20 = 5*n - 5. Suppose -n*t = -r*t. Calculate u(t).
7
Let w(c) = -c**2 + 11*c + 6. Let f(x) = 2*x + x**3 + 34*x**2 - 83*x**2 + 37*x**2 - 12. Let o be f(12). What is w(o)?
-6
Let v(t) = 3*t - 3. Let j = 37 + 41. Let c be ((-1)/(-2) - 1)/((-13)/j). What is v(c)?
6
Let i(v) = -v - 13. Suppose -4*f = -4*l + 1624, -5*l - 6*f + 2021 = -8*f. Suppose -66 = 409*u - l*u. Calculate i(u).
-2
Let y be (-5)/(-2 + (-15)/(-7)). Suppose 4*p = 2*t - 156, -3*t - 127 - 49 = 4*p. Let c = y - p. Let v(m) = -2*m**2 + 7*m + 8. Calculate v(c).
-22
Let q(t) = -4*t**3 - 2*t + 1. Let g be q(1). Let r(x) be the second derivative of x**4/6 + 5*x**3/6 - 9*x**2/2 - 8*x + 3520. Determine r(g).
16
Suppose 2*o + 61 + 4 = 5*g, -5*g - 5*o + 100 = 0. Suppose -g*i + 11*i - 4 = 0. Let m = -5 + i. Let n(h) = h - 5. Determine n(m).
-11
Let y(n) be the second derivative of -n**5/60 + n**4/24 + 63*n**2/2 - 80*n. Let h(w) be the first derivative of y(w). Determine h(5).
-20
Let s(o) = -24*o + 23. Let a(t) = -16*t + 13. Let n(y) = 8*a(y) - 5*s(y). Give n(-6).
37
Let v(n) = -n**2 - 4*n + 5. Suppose 14*o + 15*o - 348 = 0. Let g be ((-1)/(-2))/(2/(-32)). Let j be -9*(0 - g/o). Determine v(j).
-7
Let s(z) = 4*z - 52. Let u be s(15). Suppose -3*w - j + 0*j = -u, 20 = 5*w + 5*j. Let x(a) = -a - 6 + a**3 - 6*a**2 + 0*a - w*a**3 - a. Calculate x(-6).
6
Suppose 9*f - 63 = -9. Suppose -3*q - t - 8 = 0, -5*q - 8 = 5*t - f*t. Let a be (-2 + 4)*-1*1/q. Let o(l) = -9*l**3 - l**2. Determine o(a).
-10
Let s(o) = 64272*o - 64276*o + 2 + 1 + o**2. Suppose 5*u = -2*n + 158, 0 = 5*u + 4*n - 0*n - 166. Let w be ((-1)/(-3))/(2/u). Determine s(w).
8
Let v(k) = -14*k + 16. Let m(f) = 4*f - 3. Let n(d) = 4*m(d) + 2*v(d). Give n(4).
-28
Let s(h) = -4*h. Suppose -9*p + 4*p + 3 = -x, 1 = -x + 3*p. Suppose 2*t + 5*z = -t + 13, x*t + 4 = 3*z. Suppose -4*c + t + 23 = 0. What is s(c)?
-24
Suppose -19*k + 0*k = 76. Suppose -7 = -4*n - z, -n - 3*n = -z - 9. Let q(y) = 4 - 2*y + y + n*y + 5. Calculate q(k).
5
Let k(m) = -3 - 7*m - 1 + 6 - 24 + 54. What is k(5)?
-3
Let v be (-16)/104 + (-67)/(-13). Let j(x) = 5*x + v*x**3 - 29 - 4*x**3 - 8*x**2 + 38. Calculate j(7).
-5
Let p(k) be the first derivative of k**4/12 - k**3 + 3*k**2 - 28*k + 70. Let i(v) be the first derivative of p(v). Calculate i(6).
6
Suppose 108 = 9*p - 6*p. Let m be 3/2*p*2/27. Let b(z) = -z**3 + z**2 + 12*z - 5. Calculate b(m).
-5
Let q(x) = -x**3 - 5*x**2 + 4*x + 2. Let k be (-198)/(-24) - (-3)/(-12). Let z be -3 + (0 + k - 4) + -7. Determine q(z).
14
Suppose 43*d + 11 = 183. Let p(f) = 4*f - 7. Let v(b) = 4*b - 8. Let g(z) = -2*p(z) + 3*v(z). Calculate g(d).
6
Suppose -4*q + 86 = 74. Let t(i) = q*i + 12*i - 36*i + 6*i + 9*i. Let f = 4 - 3. Calculate t(f).
-6
Let y(f) be the third derivative of 0*f + f**3 - 28*f**2 - 1/120*f**6 - 1/4*f**4 + 7/60*f**5 + 0. Suppose -v + 7 = -2*u + 23, 2*v = 3*u - 26. What is y(u)?
6
Let u(s) = s - 14. Let a be u(17). Let l(x) = x**3 - 18*x**2 + 17*x + 5. Let p be l(17). Let y(k) = -2*k**2 + 2*k + 0*k - 8 + 7 + p. Calculate y(a).
-8
Let a = -8755 - -8770. Let d(x) = 11*x - 150. Determine d(a).
15
Let n(i) = 4*i**2 + i - 3. Let s be 6*5*7/70. Determine n(s).
36
Let s(v) = v**3 - 14*v**2 + 22*v - 6. Let y(g) = -g**3 + 12*g**2 - 16*g + 204. Let f be y(12). Calculate s(f).
-30
Let b(h) = -3*h**2 + 1 - 3*h + 4*h - 2*h**3 + 2 + 5*h**3. Let m(v) = -v**2 + 1. Let p(k) = -b(k) + 3*m(k). Let q = -317 + 316. What is p(q)?
4
Let z(x) be the second derivative of -x**5/20 - x**4 - 7*x**3/3 - 15*x**2/2 - 2*x - 219. Let y be ((-275)/(-22) + 6/(-4))/(-1). Give z(y).
18
Let d(v) = -349*v + 52 - 105 + 352*v - 22*v**2 + v**3. Determine d(22).
13
Let t(g) = -g**2 - 5*g + 8. Let u be (-14)/(-8) - (-6 - 138/(-24)). Let n be ((-4)/6 + u/6)*21. Give t(n).
-6
Let f(o) = o**3 + 2*o**2 - 1. Let b(c) be the first derivative of -c**2/2 + 9*c + 57. Let j be b(8). What is f(j)?
2
Let o(y) = -1 - y**3 - 48*y**2 + 5*y - 9*y + 41*y**2 + y. Let i(u) = u**3 - 12*u**2 - 11*u - 8. Let q be i(13). Suppose 0 = t - 4*t - q. Calculate o(t).
-19
Let f(r) be the second derivative of r**6/240 + r**5/60 - 15*r**4/4 - 44*r - 2. Let i(o) be the third derivative of f(o). What is i(5)?
17
Let f(l) = -l - 1. Let m(o) = -80*o - 25. Let g(t) = -30*f(t) + m(t). Let z(b) = -12*b + 1. Let w(x) = 2*g(x) - 9*z(x). Determine w(-1).
-7
Suppose -4*s + 20 = -4*f, 3*f - 12 = -3*s + 5*f. Let m(x) = -3*x**3 + 21*x**s - 13*x**2 + 0*x + 2*x**3 - 2*x. What is m(8)?
-16
Let w(y) be the first derivative of 154 - 2/3*y**3 + y**2 + 7*y. Give w(-3).
-17
Let t(v) = -12*v + 96. Let o(c) = -10*c + 84. Let h(f) = -5*o(f) + 4*t(f). What is h(-7)?
-50
Let b(m) = -12*m**2 + 16*m - 65. Let f(l) = 93*l**2 - 125*l + 509. Let r(x) = -47*b(x) - 6*f(x). Let z(g) = g - 4. Let u be z(6). Determine r(u).
21
Suppose -g = -s - 6, -50*g + 45*g = -4*s - 30. Let u(r) = -3*r**2 + 13*r + 27. Give u(g).
-3
Let a(v) = -v**3 + 3*v**2 - 5. Let h be (-2)/(5 + 42/(-9)). Let w be (h + 20 + -6)*2/4. Calculate a(w).
-21
Suppose -2*m + m - 90 = 5*k, 4*k + 72 = -2*m. Let p(x) be the first derivative of -x**2/2 - 10*x + 61463. What is p(k)?
8
Let s(l) = -l**3 + 7*l**2 - 7*l + 9. Let u(t) = -3*t**2 + 7*t - 12. Let i be u(5). Let v be i/(-10) + 12/(-105)*-7. Determine s(v).
3
Suppose -q - 16 = -12, 5*v + 4*q = 29. Let a(c) = 30*c + 24*c -